k(x) = -x**3 + 14*x**2 - 8*x + 108. Give k(16).
-532
Let o(q) = -q**3 - 11*q**2 + 109*q - 15. Determine o(-17).
-134
Let g(y) = -y**3 - 88*y**2 - 909*y + 231. Give g(-76).
3
Let i(s) = 5092*s - 15270. Determine i(3).
6
Let r(t) = 2*t**3 + 150*t**2 + 2053*t + 57. Give r(-57).
0
Let t(p) = 691*p - 43533. Determine t(63).
0
Let o(b) = 9*b**2 + 33*b + 21. What is o(-2)?
-9
Let w(f) = -2*f**2 + 445*f + 1785. Determine w(-4).
-27
Let i(o) = 11*o - 1237. What is i(102)?
-115
Let o(d) = 50*d**2 + 90*d - 108. Determine o(-3).
72
Let u(n) = 6*n - 124. What is u(18)?
-16
Let y(s) = -14*s + 139. What is y(9)?
13
Let l(w) = -w**3 - 5*w**2 + 16*w - 1. What is l(-9)?
179
Let b(n) = -n**3 - 66*n**2 - 10*n - 747. Give b(-66).
-87
Let t(d) = 32*d + 1645. Calculate t(-46).
173
Let i(s) = 7745*s - 38723. What is i(5)?
2
Let x(w) = 2655*w + 18589. Give x(-7).
4
Let f(j) = 9*j + 166. Determine f(10).
256
Let z(y) = 18*y + 1171. Give z(-68).
-53
Let n(a) = a**3 + 126*a**2 + 3*a + 403. Give n(-126).
25
Let a(q) = -493*q + 515. Determine a(1).
22
Let s(w) = 2*w**2 - 933*w + 2784. What is s(3)?
3
Let b(x) = 7*x**2 + 156*x + 94. Give b(-25).
569
Let q(w) = 37*w - 121. What is q(3)?
-10
Let t(c) = -66*c + 97. Determine t(2).
-35
Let k(m) = -109*m + 353. Give k(6).
-301
Let g(z) = 11209*z - 56052. What is g(5)?
-7
Let y(v) = -58*v + 3301. Give y(57).
-5
Let o(b) = 337*b + 7772. Give o(-23).
21
Let z(r) = r**3 - 79*r**2 + 372*r - 230. Calculate z(74).
-82
Let r(g) = -13*g**2 - 3*g - 4. Give r(-1).
-14
Let a(y) = 2*y**3 - 118*y**2 + 107*y + 511. Determine a(58).
-11
Let b(t) = 481*t**2 + 1432*t - 31. Calculate b(-3).
2
Let a(u) = -u**2 + u + 97. Calculate a(0).
97
Let c(g) = -20*g**2 + 3*g - 29. Calculate c(4).
-337
Let f(y) = -y**2 + 4*y + 2. What is f(6)?
-10
Let b(c) = -6*c**3 - 85*c**2 - 32*c + 28. Calculate b(-14).
280
Let c(y) = -y**3 + 12*y**2 + 7*y - 35. Calculate c(12).
49
Let v(z) = -9*z**3 + z**2 + 21*z + 40. What is v(-2)?
74
Let k(a) = 3*a**3 + 43*a**2 - 3*a + 22. Give k(-14).
260
Let j(p) = 776*p - 13974. What is j(18)?
-6
Let q(d) = -96*d**2 + 107*d + 219. What is q(-2)?
-379
Let x(f) = 9*f**2 - 54*f + 63. Give x(5).
18
Let x(m) = -m + 3. Determine x(-29).
32
Let k(r) = -r**2 - 100*r - 1286. Calculate k(-84).
58
Let y(r) = 30*r**2 - 116*r - 2. Give y(4).
14
Let l(s) = 2*s**3 - 27*s**2 - 113*s + 5. Calculate l(-4).
-103
Let v(j) = -j**2 - 94*j + 169. Determine v(-95).
74
Let x(y) = 3*y**2 - 39*y - 18. Calculate x(16).
126
Let c(y) = 28*y - 1344. Calculate c(53).
140
Let s(a) = -a**3 + 12*a**2 + 34*a + 22. Give s(14).
106
Let a(q) = -183*q - 1520. Calculate a(-8).
-56
Let k(a) = 12*a + 244. What is k(0)?
244
Let g(b) = -139*b - 5131. What is g(-37)?
12
Let a(x) = x**2 - 8*x + 9. What is a(3)?
-6
Let i(k) = -k**3 - 4*k**2 - k + 81. Give i(0).
81
Let f(l) = -213*l + 1696. What is f(8)?
-8
Let c(k) = k**2 + 2171*k - 66037. Calculate c(30).
-7
Let r(a) = 3*a**2 + 62*a - 608. What is r(-28)?
8
Let o(w) = -257*w**2 - 6941*w - 41. Calculate o(-27).
13
Let o(q) = 13*q**2 + 49*q + 57. Determine o(-2).
11
Let v(p) = -46*p - 917. What is v(-25)?
233
Let k(t) = t**2 + 36*t + 169. Give k(-7).
-34
Let f(d) = -3*d**2 - 84*d + 1010. Determine f(9).
11
Let g(f) = f**2 + 90*f + 637. Calculate g(-82).
-19
Let m(i) = -5*i**2 - 642*i + 1286. Give m(2).
-18
Let m(t) = -58*t + 306. Calculate m(6).
-42
Let g(z) = -18*z + 237. Determine g(-16).
525
Let r(i) = -41*i**3 + 7*i**2 - 4*i - 7. What is r(-2)?
357
Let a(v) = v**3 - 6*v**2 + 604*v - 3626. Calculate a(6).
-2
Let j(p) = p**3 - 22*p**2 + 60*p + 37. What is j(19)?
94
Let d(z) = z**2 + 6*z + 3. Determine d(-20).
283
Let i(v) = 57*v - 117. Determine i(0).
-117
Let h(o) = -20*o**3 + 5*o**2 + 11*o - 1. Calculate h(-1).
13
Let z(f) = 29*f**2 + 15*f + 34. Determine z(-2).
120
Let t(q) = -q**3 - 12*q**2 + 21*q - 31. Determine t(-11).
-383
Let k(g) = -2*g**3 + 42*g**2 + 45*g - 44. Calculate k(22).
-22
Let q(y) = y**3 + 15*y**2 + 12*y + 19. Give q(-12).
307
Let x(f) = -3*f**2 - 139*f - 515. Calculate x(-4).
-7
Let s(h) = -h**2 + 23*h + 490. Give s(-14).
-28
Let i(j) = -j**3 - 13*j**2 - 2*j + 12. Determine i(-6).
-228
Let v(p) = p**2 + 53*p - 1185. Determine v(-70).
5
Let i(u) = u**3 + 7*u**2 + 23*u + 12. What is i(-7)?
-149
Let b(w) = w**3 + 19*w**2 - 41*w - 421. What is b(-20)?
-1
Let c(k) = 2736*k - 150476. Determine c(55).
4
Let v(m) = 227*m - 5403. Determine v(24).
45
Let c(q) = -2*q**2 + 117*q + 163. What is c(60)?
-17
Let d(n) = 195*n + 578. Give d(-3).
-7
Let b(x) = 949*x - 1884. What is b(2)?
14
Let x(i) = -i**2 - 743*i + 7531. What is x(10)?
1
Let o(f) = 2*f**3 - 5*f**2 + 57*f - 412. Give o(6).
182
Let w(m) = -2*m**2 - 51*m + 629. Calculate w(9).
8
Let t(v) = v**2 - 71*v - 469. Give t(77).
-7
Let d(m) = 36*m + 3356. Calculate d(-93).
8
Let m(t) = 3*t**2 + 668*t - 3425. What is m(5)?
-10
Let h(b) = -b**2 + 53*b - 693. Calculate h(44).
-297
Let l(i) = -i**2 - 298*i - 15798. Calculate l(-229).
3
Let d(v) = v**2 + 31*v + 165. Give d(-26).
35
Let t(h) = -h**2 + 57*h - 268. Give t(43).
334
Let a(j) = -j - 71. Determine a(-21).
-50
Let i(s) = -49*s - 3474. Give i(-72).
54
Let m(l) = l**3 - 12*l**2 + 29*l - 13. Give m(4).
-25
Let a(x) = x**3 + 7*x**2 - 32*x - 201. Calculate a(-8).
-9
Let x(y) = -30*y - 504. What is x(-12)?
-144
Let t(d) = 184*d + 12854. Determine t(-70).
-26
Let x(w) = -6*w**3 + w**2 - 24*w + 3. Give x(0).
3
Let a(s) = s**3 + 7*s**2 - s + 26. Give a(-7).
33
Let u(g) = 5*g**2 - 665*g + 3198. Calculate u(5).
-2
Let o(z) = 3*z**3 - 29*z**2 + 57*z - 678. Give o(10).
-8
Let r(t) = -84*t**3 - 3*t**2 - 23*t + 26. Determine r(1).
-84
Let c(w) = -93*w**2 + 2325*w - 4. Determine c(25).
-4
Let f(z) = -z**3 + 27*z - 1. Calculate f(-5).
-11
Let k(a) = a**3 + 8*a**2 - 14*a - 42. Calculate k(-9).
3
Let v(m) = -115*m**3 + m**2 + 7*m + 6. What is v(-1)?
115
Let h(y) = y**3 - 23*y**2 + 65*y - 13. Give h(3).
2
Let a(c) = -221*c**2 - 560*c + 4. Give a(-2).
240
Let f(n) = 997*n + 7979. Give f(-8).
3
Let n(l) = 164*l - 3448. Calculate n(21).
-4
Let k(s) = -s**3 - 14*s**2 + 3*s + 33. Calculate k(-14).
-9
Let s(f) = f**3 - 4*f**2 - 8*f + 13. Give s(4).
-19
Let r(f) = -f**3 + 32*f**2 - 87*f + 19. Determine r(29).
19
Let i(v) = -3*v**3 - 13*v**2 - 23*v + 5. Calculate i(-2).
23
Let d(g) = 3*g**2 - 34*g - 487. Give d(-8).
-23
Let c(p) = 12*p - 52. Give c(-10).
-172
Let y(c) = -30*c - 2. Calculate y(0).
-2
Let n(l) = 14*l - 397. What is n(34)?
79
Let w(n) = -1448*n + 7230. Give w(5).
-10
Let x(s) = -4*s**3 + 324*s**2 + 327*s + 68. What is x(82)?
-14
Let f(x) = 4447*x - 57804. Give f(13).
7
Let h(o) = 11*o**2 - 6*o - 4. What is h(-2)?
52
Let y(t) = 2*t**3 - t**2 - 6*t + 9. What is y(2)?
9
Let g(o) = -2979*o + 3022. What is g(1)?
43
Let y(w) = -48*w - 294. Calculate y(-8).
90
Let w(r) = 20*r**3 - 4*r**2 - 19*r - 7. Determine w(-4).
-1275
Let j(a) = -a**3 - 59*a**2 - 620*a + 136. What is j(-14)?
-4
Let u(j) = -5*j**2 - 41*j + 220. Determine u(11).
-836
Let t(o) = -626*o + 11906. Determine t(19).
12
Let l(x) = 43*x**2 - 567*x - 34. Give l(14).
456
Let c(b) = b**3 - 44*b**2 - 43*b - 237. Determine c(45).
-147
Let j(n) = 266*n + 1797. Give j(-7).
-65
Let b(l) = 2*l**3 - 99*l**2 + 148*l - 150. What is b(48)?
42
Let v(o) = 30*o - 639. Calculate v(18).
-99
Let w(m) = -130*m + 613. Give w(5).
-37
Let r(u) = u**2 + 45*u + 193. What is r(-42)?
67
Let x(o) = o**3 - 61*o**2 - 152*o + 1633. Give x(63).
-5
Let d(k) = k + 1122. Determine d(-47).
1075
Let o(k) = -2*k**2 - 199*k - 119. What is o(-99)?
-20
Let x(a) = -a**3 + 10*a**2 + 6*a - 144. Determine x(9).
-9
Let m(t) = 204*t + 2491. Give m(-12).
43
Let m(p) = 272*p + 847. What is m(-3)?
31
Let r(j) = -2*j**3 + 54*j**2 + 324*j + 131. Determine r(32).
259
Let t(u) = -19*u - 559. Determine t(-33).
68
Let y(m) = -m**3 + 5*m**2 + 5*m - 17. Determine y(6).
-23
Let i(l) = -l**3 + 36*l**2 + 458*l + 129. What is i(46)?
37
Let j(f) = 966*f - 9667. What is j(10)?
-7
Let x(k) = -5*k**2 - 110*k - 533. Calculate x(-14).
27
Let r(x) = -6*x**2 - 134*x - 568. What is r(-5)?
-48
Let p(i) = -95*i - 758. Give p(-8).
2
Let x(h) = h**3 - 7*h**2 + 8*h - 101. Calculate x(7).
-45
Let l(c) = -38*c**2 - 185*c - 125. Give l(-4).
7
Let v(j) = -5*j**3 - 20*j**2 - 4*j + 2. Give v(-6).
386
Let w(s) = 2*s + 119. Give w(-37).
45
Let o(i) = -i*